{"id":291,"date":"2012-05-10T09:07:17","date_gmt":"2012-05-10T08:07:17","guid":{"rendered":"http:\/\/www.rv-d.de\/?page_id=291"},"modified":"2012-06-06T18:00:28","modified_gmt":"2012-06-06T17:00:28","slug":"weblinks","status":"publish","type":"page","link":"https:\/\/www.reiterverein-dettingen.de\/?page_id=291","title":{"rendered":"Weblinks"},"content":{"rendered":"<p>Links zu Verb\u00e4nden, bei denen der RVD Mitglied ist:<\/p>\n<table style=\"width: 480px;\" border=\"0\">\n<tbody>\n<tr valign=\"middle\">\n<td><img loading=\"lazy\" decoding=\"async\" src=\"http:\/\/www.rv-d.de\/wp\/wp-content\/uploads\/2010\/03\/psk-hdh.jpg\" border=\"0\" alt=\"PSK HDH\" width=\"100\" height=\"75\" \/><\/td>\n<td align=\"left\" valign=\"middle\"><a href=\"http:\/\/www.psk-heidenheim.de\">Pferdesportkreis Heidenheim<\/a><\/td>\n<\/tr>\n<tr valign=\"middle\">\n<td><img loading=\"lazy\" decoding=\"async\" src=\"http:\/\/www.rv-d.de\/wp\/wp-content\/uploads\/2010\/03\/logo_spkhdh.gif\" border=\"0\" alt=\"SPK HDH\" width=\"63\" height=\"65\" style=\"border: 0pt none;\" \/><\/td>\n<td align=\"left\" valign=\"middle\"><a href=\"http:\/\/www.sportkreis-hdh.de\">Sportkreis Heidenheim<\/a><\/td>\n<\/tr>\n<tr valign=\"middle\">\n<td><img loading=\"lazy\" decoding=\"async\" src=\"http:\/\/www.rv-d.de\/wp\/wp-content\/uploads\/2010\/03\/icon_wpsv.gif\" border=\"0\" alt=\"WPSV\" width=\"63\" height=\"65\" style=\"border: 0pt none;\" \/><\/td>\n<td align=\"left\" valign=\"middle\"><a href=\"http:\/\/www.wpsv.de\">W\u00fcrttembergischer Pferdesportverband<\/a><\/td>\n<\/tr>\n<tr valign=\"middle\">\n<td><img decoding=\"async\" src=\"http:\/\/www.rv-d.de\/wp\/wp-content\/uploads\/2010\/03\/icon_wlsb.gif\" border=\"0\" alt=\"WLSB\" width=\"110\" style=\"border: 0pt none;\" \/><\/td>\n<td align=\"left\" valign=\"middle\"><a href=\"http:\/\/www.wlsb.de\">W\u00fcrttembergischer Landessportbund<\/a><\/td>\n<\/tr>\n<tr valign=\"middle\">\n<td><img decoding=\"async\" src=\"http:\/\/www.rv-d.de\/wp\/wp-content\/uploads\/2010\/03\/logo_pbw.jpg\" border=\"0\" alt=\"PSV BW\" width=\"110\" style=\"border: 0pt none;\" \/><\/td>\n<td align=\"left\" valign=\"middle\"><a href=\"http:\/\/www.pferdesport-bw.de\">Pferdesportverband Baden-W\u00fcrttemberg<\/a><\/td>\n<\/tr>\n<tr valign=\"middle\">\n<td><img loading=\"lazy\" decoding=\"async\" src=\"http:\/\/www.rv-d.de\/wp\/wp-content\/uploads\/2010\/03\/logo_fn.jpg\" border=\"0\" alt=\"FN\" width=\"72\" height=\"80\" style=\"border: 0pt none;\" \/><\/td>\n<td align=\"left\" valign=\"middle\"><a href=\"http:\/\/www.pferd-aktuell.de\">Deutsche Reiterliche Vereinigung<\/a><\/td>\n<\/tr>\n<\/tbody>\n<\/table>\n","protected":false},"excerpt":{"rendered":"<p>Links zu Verb\u00e4nden, bei denen der RVD Mitglied ist: Pferdesportkreis Heidenheim Sportkreis Heidenheim W\u00fcrttembergischer Pferdesportverband W\u00fcrttembergischer Landessportbund Pferdesportverband Baden-W\u00fcrttemberg Deutsche Reiterliche Vereinigung<\/p>\n","protected":false},"author":1,"featured_media":0,"parent":0,"menu_order":60,"comment_status":"closed","ping_status":"closed","template":"","meta":{"footnotes":""},"class_list":["post-291","page","type-page","status-publish","hentry"],"_links":{"self":[{"href":"https:\/\/www.reiterverein-dettingen.de\/index.php?rest_route=\/wp\/v2\/pages\/291","targetHints":{"allow":["GET"]}}],"collection":[{"href":"https:\/\/www.reiterverein-dettingen.de\/index.php?rest_route=\/wp\/v2\/pages"}],"about":[{"href":"https:\/\/www.reiterverein-dettingen.de\/index.php?rest_route=\/wp\/v2\/types\/page"}],"author":[{"embeddable":true,"href":"https:\/\/www.reiterverein-dettingen.de\/index.php?rest_route=\/wp\/v2\/users\/1"}],"replies":[{"embeddable":true,"href":"https:\/\/www.reiterverein-dettingen.de\/index.php?rest_route=%2Fwp%2Fv2%2Fcomments&post=291"}],"version-history":[{"count":4,"href":"https:\/\/www.reiterverein-dettingen.de\/index.php?rest_route=\/wp\/v2\/pages\/291\/revisions"}],"predecessor-version":[{"id":402,"href":"https:\/\/www.reiterverein-dettingen.de\/index.php?rest_route=\/wp\/v2\/pages\/291\/revisions\/402"}],"wp:attachment":[{"href":"https:\/\/www.reiterverein-dettingen.de\/index.php?rest_route=%2Fwp%2Fv2%2Fmedia&parent=291"}],"curies":[{"name":"wp","href":"https:\/\/api.w.org\/{rel}","templated":true}]}}