{"id":302,"date":"2012-05-10T09:24:37","date_gmt":"2012-05-10T08:24:37","guid":{"rendered":"http:\/\/www.rv-d.de\/?page_id=302"},"modified":"2017-01-20T15:13:08","modified_gmt":"2017-01-20T14:13:08","slug":"anfahrt","status":"publish","type":"page","link":"https:\/\/www.reiterverein-dettingen.de\/?page_id=302","title":{"rendered":"Anfahrt"},"content":{"rendered":"<p><strong>Autobahn <\/strong>A7 <strong>Ausfahrt <\/strong>Niederstotzingen <strong>Richtung <\/strong>Gerstetten<\/p>\n<p>Auf der Umgehungsstra\u00dfe L 1164 vor Dettingen beim Netto-Markt rechts in die Hausener Str. einbiegen und geradeaus in den Ort fahren. Dann an der 2. Kreuzung in die Querstra\u00dfe auf der linken Seite einfahren. Die Reitanlage befindet sich nach ca.\u00a0\u00a0\u00a0\u00a0\u00a0 150 m im Heinzenweg auf der linken Seite\u00a0 hinter dem Wertstoffcenter (2. Stra\u00dfe wiederum links einbiegen).<\/p>\n<p><strong>Alternativ: <\/strong>von<strong> Gerstetten-Heuchlingen auf der L 1164<\/strong> kommend, <strong>nach Heuchlingen <\/strong>von der Umgehungsstra\u00dfe in die M\u00fchlstra\u00dfe in Richtung Dettingen links abbiegen. Weiterfahren in den Ort, bis auf der rechten Seite die ersten Wohnh\u00e4user passiert werden, danach rechts in die Querstra\u00dfe abbiegen. Nach 100 m in den Heinzenweg rechts einfahren.<\/p>\n<p><strong>Anschrift:<\/strong> 89547 Gerstetten-Dettingen, Heinzenweg 3<br \/>\n<span style=\"color: #0000ff;\"><small><a style=\"color: #0000ff;\" href=\"https:\/\/www.google.de\/maps\/place\/Reiterverein+Dettingen+am+Albuch+e.V.\/@48.5950654,10.1224207,602m\/data=!3m2!1e3!4b1!4m5!3m4!1s0x47996acb2e4d6ce1:0x652776f0c16a5c3c!8m2!3d48.5950654!4d10.1242767\">Link zu Google-Map<\/a><\/small><\/span><\/p>\n","protected":false},"excerpt":{"rendered":"<p>Autobahn A7 Ausfahrt Niederstotzingen Richtung Gerstetten Auf der Umgehungsstra\u00dfe L 1164 vor Dettingen beim Netto-Markt rechts in die Hausener Str. einbiegen und geradeaus in den Ort fahren. Dann an der 2. Kreuzung in die Querstra\u00dfe auf der linken Seite einfahren. Die Reitanlage befindet sich nach ca.\u00a0\u00a0\u00a0\u00a0\u00a0 150 m im Heinzenweg auf der linken Seite\u00a0 hinter dem Wertstoffcenter (2. Stra\u00dfe wiederum links einbiegen). Alternativ: von Gerstetten-Heuchlingen auf der L 1164 kommend, nach Heuchlingen von der Umgehungsstra\u00dfe in die M\u00fchlstra\u00dfe in Richtung Dettingen links abbiegen. Weiterfahren in den Ort, bis auf der rechten Seite die ersten Wohnh\u00e4user passiert werden, danach rechts in die Querstra\u00dfe abbiegen. Nach 100 m in den Heinzenweg rechts einfahren. Anschrift: 89547 Gerstetten-Dettingen, Heinzenweg 3 Link zu Google-Map<\/p>\n","protected":false},"author":1,"featured_media":0,"parent":0,"menu_order":70,"comment_status":"closed","ping_status":"closed","template":"","meta":{"footnotes":""},"class_list":["post-302","page","type-page","status-publish","hentry"],"_links":{"self":[{"href":"https:\/\/www.reiterverein-dettingen.de\/index.php?rest_route=\/wp\/v2\/pages\/302","targetHints":{"allow":["GET"]}}],"collection":[{"href":"https:\/\/www.reiterverein-dettingen.de\/index.php?rest_route=\/wp\/v2\/pages"}],"about":[{"href":"https:\/\/www.reiterverein-dettingen.de\/index.php?rest_route=\/wp\/v2\/types\/page"}],"author":[{"embeddable":true,"href":"https:\/\/www.reiterverein-dettingen.de\/index.php?rest_route=\/wp\/v2\/users\/1"}],"replies":[{"embeddable":true,"href":"https:\/\/www.reiterverein-dettingen.de\/index.php?rest_route=%2Fwp%2Fv2%2Fcomments&post=302"}],"version-history":[{"count":15,"href":"https:\/\/www.reiterverein-dettingen.de\/index.php?rest_route=\/wp\/v2\/pages\/302\/revisions"}],"predecessor-version":[{"id":3167,"href":"https:\/\/www.reiterverein-dettingen.de\/index.php?rest_route=\/wp\/v2\/pages\/302\/revisions\/3167"}],"wp:attachment":[{"href":"https:\/\/www.reiterverein-dettingen.de\/index.php?rest_route=%2Fwp%2Fv2%2Fmedia&parent=302"}],"curies":[{"name":"wp","href":"https:\/\/api.w.org\/{rel}","templated":true}]}}