{"id":3900,"date":"2021-06-13T17:28:08","date_gmt":"2021-06-13T15:28:08","guid":{"rendered":"http:\/\/www.reiterverein-dettingen.de\/?page_id=3900"},"modified":"2025-06-20T15:03:05","modified_gmt":"2025-06-20T13:03:05","slug":"sponsoren","status":"publish","type":"page","link":"https:\/\/www.reiterverein-dettingen.de\/?page_id=3900","title":{"rendered":"Sponsoren"},"content":{"rendered":"<p>\nIhre besondere Verbundenheit zum Reiterverein Dettingen bekundeten in dankenswerter Weise durch eine Geld- oder Sachspende, die \u00dcberlassung von Grundst\u00fccken oder Ausr\u00fcstung oder die Aufgabe eines Inserats:<\/p>\n<p><a href=\"https:\/\/www.reiterverein-dettingen.de\/wp-content\/uploads\/2025\/06\/S1-scaled.png\"><img loading=\"lazy\" decoding=\"async\" src=\"https:\/\/www.reiterverein-dettingen.de\/wp-content\/uploads\/2025\/06\/S1-769x1024.png\" alt=\"\" width=\"540\" height=\"719\" class=\"alignnone size-large wp-image-4686\" srcset=\"https:\/\/www.reiterverein-dettingen.de\/wp-content\/uploads\/2025\/06\/S1-769x1024.png 769w, https:\/\/www.reiterverein-dettingen.de\/wp-content\/uploads\/2025\/06\/S1-225x300.png 225w, https:\/\/www.reiterverein-dettingen.de\/wp-content\/uploads\/2025\/06\/S1-768x1022.png 768w, https:\/\/www.reiterverein-dettingen.de\/wp-content\/uploads\/2025\/06\/S1-1154x1536.png 1154w, https:\/\/www.reiterverein-dettingen.de\/wp-content\/uploads\/2025\/06\/S1-1538x2048.png 1538w, https:\/\/www.reiterverein-dettingen.de\/wp-content\/uploads\/2025\/06\/S1-scaled.png 1923w\" sizes=\"auto, (max-width: 540px) 100vw, 540px\" \/><\/a><\/p>\n<p><a href=\"https:\/\/www.reiterverein-dettingen.de\/wp-content\/uploads\/2025\/06\/s2-scaled.png\"><img loading=\"lazy\" decoding=\"async\" src=\"https:\/\/www.reiterverein-dettingen.de\/wp-content\/uploads\/2025\/06\/s2-769x1024.png\" alt=\"\" width=\"540\" height=\"719\" class=\"alignnone size-large wp-image-4687\" srcset=\"https:\/\/www.reiterverein-dettingen.de\/wp-content\/uploads\/2025\/06\/s2-769x1024.png 769w, https:\/\/www.reiterverein-dettingen.de\/wp-content\/uploads\/2025\/06\/s2-225x300.png 225w, https:\/\/www.reiterverein-dettingen.de\/wp-content\/uploads\/2025\/06\/s2-768x1022.png 768w, https:\/\/www.reiterverein-dettingen.de\/wp-content\/uploads\/2025\/06\/s2-1154x1536.png 1154w, https:\/\/www.reiterverein-dettingen.de\/wp-content\/uploads\/2025\/06\/s2-1538x2048.png 1538w, https:\/\/www.reiterverein-dettingen.de\/wp-content\/uploads\/2025\/06\/s2-scaled.png 1923w\" sizes=\"auto, (max-width: 540px) 100vw, 540px\" \/><\/a><\/p>\n<p><a href=\"https:\/\/www.reiterverein-dettingen.de\/wp-content\/uploads\/2025\/06\/s3-scaled.png\"><img loading=\"lazy\" decoding=\"async\" src=\"https:\/\/www.reiterverein-dettingen.de\/wp-content\/uploads\/2025\/06\/s3-769x1024.png\" alt=\"\" width=\"540\" height=\"719\" class=\"alignnone size-large wp-image-4688\" srcset=\"https:\/\/www.reiterverein-dettingen.de\/wp-content\/uploads\/2025\/06\/s3-769x1024.png 769w, https:\/\/www.reiterverein-dettingen.de\/wp-content\/uploads\/2025\/06\/s3-225x300.png 225w, https:\/\/www.reiterverein-dettingen.de\/wp-content\/uploads\/2025\/06\/s3-768x1022.png 768w, https:\/\/www.reiterverein-dettingen.de\/wp-content\/uploads\/2025\/06\/s3-1154x1536.png 1154w, https:\/\/www.reiterverein-dettingen.de\/wp-content\/uploads\/2025\/06\/s3-1538x2048.png 1538w, https:\/\/www.reiterverein-dettingen.de\/wp-content\/uploads\/2025\/06\/s3-scaled.png 1923w\" sizes=\"auto, (max-width: 540px) 100vw, 540px\" \/><\/a><\/p>\n<p><a href=\"https:\/\/www.reiterverein-dettingen.de\/wp-content\/uploads\/2025\/06\/s4-scaled.png\"><img loading=\"lazy\" decoding=\"async\" src=\"https:\/\/www.reiterverein-dettingen.de\/wp-content\/uploads\/2025\/06\/s4-769x1024.png\" alt=\"\" width=\"540\" height=\"719\" class=\"alignnone size-large wp-image-4689\" srcset=\"https:\/\/www.reiterverein-dettingen.de\/wp-content\/uploads\/2025\/06\/s4-769x1024.png 769w, https:\/\/www.reiterverein-dettingen.de\/wp-content\/uploads\/2025\/06\/s4-225x300.png 225w, https:\/\/www.reiterverein-dettingen.de\/wp-content\/uploads\/2025\/06\/s4-768x1022.png 768w, https:\/\/www.reiterverein-dettingen.de\/wp-content\/uploads\/2025\/06\/s4-1154x1536.png 1154w, https:\/\/www.reiterverein-dettingen.de\/wp-content\/uploads\/2025\/06\/s4-1538x2048.png 1538w, https:\/\/www.reiterverein-dettingen.de\/wp-content\/uploads\/2025\/06\/s4-scaled.png 1923w\" sizes=\"auto, (max-width: 540px) 100vw, 540px\" \/><\/a><\/p>\n<p><a href=\"https:\/\/www.reiterverein-dettingen.de\/wp-content\/uploads\/2025\/06\/s5-scaled.png\"><img loading=\"lazy\" decoding=\"async\" src=\"https:\/\/www.reiterverein-dettingen.de\/wp-content\/uploads\/2025\/06\/s5-769x1024.png\" alt=\"\" width=\"540\" height=\"719\" class=\"alignnone size-large wp-image-4690\" srcset=\"https:\/\/www.reiterverein-dettingen.de\/wp-content\/uploads\/2025\/06\/s5-769x1024.png 769w, https:\/\/www.reiterverein-dettingen.de\/wp-content\/uploads\/2025\/06\/s5-225x300.png 225w, https:\/\/www.reiterverein-dettingen.de\/wp-content\/uploads\/2025\/06\/s5-768x1022.png 768w, https:\/\/www.reiterverein-dettingen.de\/wp-content\/uploads\/2025\/06\/s5-1154x1536.png 1154w, https:\/\/www.reiterverein-dettingen.de\/wp-content\/uploads\/2025\/06\/s5-1538x2048.png 1538w, https:\/\/www.reiterverein-dettingen.de\/wp-content\/uploads\/2025\/06\/s5-scaled.png 1923w\" sizes=\"auto, (max-width: 540px) 100vw, 540px\" \/><\/a><\/p>\n<p><a href=\"https:\/\/www.reiterverein-dettingen.de\/wp-content\/uploads\/2025\/06\/s6-scaled.png\"><img loading=\"lazy\" decoding=\"async\" src=\"https:\/\/www.reiterverein-dettingen.de\/wp-content\/uploads\/2025\/06\/s6-769x1024.png\" alt=\"\" width=\"540\" height=\"719\" class=\"alignnone size-large wp-image-4691\" srcset=\"https:\/\/www.reiterverein-dettingen.de\/wp-content\/uploads\/2025\/06\/s6-769x1024.png 769w, https:\/\/www.reiterverein-dettingen.de\/wp-content\/uploads\/2025\/06\/s6-225x300.png 225w, https:\/\/www.reiterverein-dettingen.de\/wp-content\/uploads\/2025\/06\/s6-768x1022.png 768w, https:\/\/www.reiterverein-dettingen.de\/wp-content\/uploads\/2025\/06\/s6-1154x1536.png 1154w, https:\/\/www.reiterverein-dettingen.de\/wp-content\/uploads\/2025\/06\/s6-1538x2048.png 1538w, https:\/\/www.reiterverein-dettingen.de\/wp-content\/uploads\/2025\/06\/s6-scaled.png 1923w\" sizes=\"auto, (max-width: 540px) 100vw, 540px\" \/><\/a><\/p>\n<p><a href=\"https:\/\/www.reiterverein-dettingen.de\/wp-content\/uploads\/2025\/06\/s7-scaled.png\"><img loading=\"lazy\" decoding=\"async\" src=\"https:\/\/www.reiterverein-dettingen.de\/wp-content\/uploads\/2025\/06\/s7-769x1024.png\" alt=\"\" width=\"540\" height=\"719\" class=\"alignnone size-large wp-image-4692\" srcset=\"https:\/\/www.reiterverein-dettingen.de\/wp-content\/uploads\/2025\/06\/s7-769x1024.png 769w, https:\/\/www.reiterverein-dettingen.de\/wp-content\/uploads\/2025\/06\/s7-225x300.png 225w, https:\/\/www.reiterverein-dettingen.de\/wp-content\/uploads\/2025\/06\/s7-768x1022.png 768w, https:\/\/www.reiterverein-dettingen.de\/wp-content\/uploads\/2025\/06\/s7-1154x1536.png 1154w, https:\/\/www.reiterverein-dettingen.de\/wp-content\/uploads\/2025\/06\/s7-1538x2048.png 1538w, https:\/\/www.reiterverein-dettingen.de\/wp-content\/uploads\/2025\/06\/s7-scaled.png 1923w\" sizes=\"auto, (max-width: 540px) 100vw, 540px\" \/><\/a><\/p>\n<p><a href=\"https:\/\/www.reiterverein-dettingen.de\/wp-content\/uploads\/2025\/06\/s8-scaled.png\"><img loading=\"lazy\" decoding=\"async\" src=\"https:\/\/www.reiterverein-dettingen.de\/wp-content\/uploads\/2025\/06\/s8-769x1024.png\" alt=\"\" width=\"540\" height=\"719\" class=\"alignnone size-large wp-image-4693\" srcset=\"https:\/\/www.reiterverein-dettingen.de\/wp-content\/uploads\/2025\/06\/s8-769x1024.png 769w, https:\/\/www.reiterverein-dettingen.de\/wp-content\/uploads\/2025\/06\/s8-225x300.png 225w, https:\/\/www.reiterverein-dettingen.de\/wp-content\/uploads\/2025\/06\/s8-768x1022.png 768w, https:\/\/www.reiterverein-dettingen.de\/wp-content\/uploads\/2025\/06\/s8-1154x1536.png 1154w, https:\/\/www.reiterverein-dettingen.de\/wp-content\/uploads\/2025\/06\/s8-1538x2048.png 1538w, https:\/\/www.reiterverein-dettingen.de\/wp-content\/uploads\/2025\/06\/s8-scaled.png 1923w\" sizes=\"auto, (max-width: 540px) 100vw, 540px\" \/><\/a><\/p>\n<p>Der Reiterverein Dettingen e.V. dankt allen Spendern, die ihn bei der Durchf\u00fchrung des Reitturniers unterst\u00fctzt haben, sehr herzlich.<\/p>\n","protected":false},"excerpt":{"rendered":"<p>Ihre besondere Verbundenheit zum Reiterverein Dettingen bekundeten in dankenswerter Weise durch eine Geld- oder Sachspende, die \u00dcberlassung von Grundst\u00fccken oder Ausr\u00fcstung oder die Aufgabe eines Inserats: Der Reiterverein Dettingen e.V. dankt allen Spendern, die ihn bei der Durchf\u00fchrung des Reitturniers unterst\u00fctzt haben, sehr herzlich.<\/p>\n","protected":false},"author":1,"featured_media":4155,"parent":0,"menu_order":0,"comment_status":"closed","ping_status":"closed","template":"","meta":{"footnotes":""},"class_list":["post-3900","page","type-page","status-publish","has-post-thumbnail","hentry"],"_links":{"self":[{"href":"https:\/\/www.reiterverein-dettingen.de\/index.php?rest_route=\/wp\/v2\/pages\/3900","targetHints":{"allow":["GET"]}}],"collection":[{"href":"https:\/\/www.reiterverein-dettingen.de\/index.php?rest_route=\/wp\/v2\/pages"}],"about":[{"href":"https:\/\/www.reiterverein-dettingen.de\/index.php?rest_route=\/wp\/v2\/types\/page"}],"author":[{"embeddable":true,"href":"https:\/\/www.reiterverein-dettingen.de\/index.php?rest_route=\/wp\/v2\/users\/1"}],"replies":[{"embeddable":true,"href":"https:\/\/www.reiterverein-dettingen.de\/index.php?rest_route=%2Fwp%2Fv2%2Fcomments&post=3900"}],"version-history":[{"count":29,"href":"https:\/\/www.reiterverein-dettingen.de\/index.php?rest_route=\/wp\/v2\/pages\/3900\/revisions"}],"predecessor-version":[{"id":4694,"href":"https:\/\/www.reiterverein-dettingen.de\/index.php?rest_route=\/wp\/v2\/pages\/3900\/revisions\/4694"}],"wp:featuredmedia":[{"embeddable":true,"href":"https:\/\/www.reiterverein-dettingen.de\/index.php?rest_route=\/wp\/v2\/media\/4155"}],"wp:attachment":[{"href":"https:\/\/www.reiterverein-dettingen.de\/index.php?rest_route=%2Fwp%2Fv2%2Fmedia&parent=3900"}],"curies":[{"name":"wp","href":"https:\/\/api.w.org\/{rel}","templated":true}]}}